st common divisor of h and a?
22
Suppose 21*b + 240 = 25*b. Let g(y) = y**2 + 7*y - 20. Let m be g(-11). Calculate the greatest common divisor of m and b.
12
Let y(u) = -u**3 + 27*u**2 - 21*u - 65. Let h be y(26). Calculate the highest common divisor of 455 and h.
65
Let p = 43 - 23. Suppose 0 = 6*i - 45 + 27. Suppose -3*r = i*r - 30. What is the highest common factor of p and r?
5
Let g = -54 - -54. Suppose w - 3*m + m - 124 = g, 2*w - 216 = -4*m. Calculate the greatest common divisor of 29 and w.
29
Suppose -d + 0*d = 4*s - 63, 0 = 5*d + 5. Let h = -159 - -191. Calculate the highest common factor of h and s.
16
Let f(r) = -4*r - 6. Let b(v) = 3 + 3*v**3 - v - 1 + 0 + 4*v**2 - 2*v**2. Let c be b(-2). Let j be f(c). Calculate the highest common factor of j and 14.
14
Let k be 1/2 + 129/2. Let r be 3 + k + (0 - 2). Suppose -r = -5*b + 4. What is the highest common divisor of 154 and b?
14
Suppose 0 = k + m - 42, m - 122 = -k - 2*k. Let v = k + -28. Let j = v - 6. What is the greatest common divisor of j and 6?
6
Suppose p + 0*p = 72. Let l = p - 51. Let g(y) = -y + 14. Let o be g(7). What is the highest common factor of o and l?
7
Let d be (-162)/(-8) - 56/224. What is the highest common factor of d and 4?
4
Let t be (-7 - 85/(-10))*32/6. What is the highest common divisor of t and 64?
8
Let n = 11 - -12. Let l = 785 - 578. What is the greatest common factor of l and n?
23
Let y = -11 + 24. Suppose 7 = 11*m - 10*m. Suppose -10*a = -m*a - 195. What is the highest common divisor of a and y?
13
Let i be 47/7 - (-16)/56. Let z = i - -1. What is the greatest common divisor of z and 4?
4
Let c = -608 - -724. Calculate the highest common factor of c and 174.
58
Let y be -3*((-478)/6 + -2). Suppose -14*t + 243 + 247 = 0. Calculate the highest common divisor of y and t.
35
Let h be (-3 + 1)/2*-15. Let i = 52 - -8. What is the greatest common divisor of h and i?
15
Suppose 186 = 7*y + 144. Calculate the greatest common factor of y and 75.
3
Suppose -318 = -6*z + 214 + 524. Let k(j) = -j**3 + j + 11. Let g be k(0). Calculate the greatest common divisor of g and z.
11
Let n(x) = 12*x - 8. Let s be n(11). Calculate the highest common factor of 806 and s.
62
Let x be 10/135 + 27204/162. Calculate the greatest common factor of 105 and x.
21
Suppose -2*w + 259 = 97. Let t = w + -67. What is the greatest common divisor of t and 7?
7
Let x(j) = -j**2 + 65*j - 436. Let r be x(56). What is the highest common divisor of 1802 and r?
34
Suppose l + 680 = 6*l. What is the highest common factor of l and 1972?
68
Suppose 2 = -110*s + 112*s. What is the highest common factor of 59 and s?
1
Let z = 114 + -111. Calculate the highest common factor of z and 24.
3
Suppose 2*l = 2*w + 18, -3*l + 2*w + 4 + 26 = 0. What is the greatest common divisor of 48 and l?
12
Suppose -5*m - 66 + 3646 = 0. Suppose a + m = 4*a + 4*b, 0 = -2*a + b + 481. Calculate the greatest common divisor of 30 and a.
30
Suppose 4*j - 2*j = 0. Suppose j*w + 28 = -4*w. Let m(v) = -12*v - 9. Let p be m(w). Calculate the highest common factor of 30 and p.
15
Suppose 4*z + 52 + 52 = 0. Let y = z + 38. What is the highest common divisor of y and 16?
4
Let o be (14/(-3))/((-1)/6). Suppose 889*r - 878*r - 1694 = 0. What is the greatest common factor of o and r?
14
Let o = -94 + 97. Suppose -4*l + 3*v - 60 = 0, v = 3*l - 2*v + 48. Let y = -9 - l. What is the greatest common divisor of y and o?
3
Let d = 719 - 667. Let k be 0 + 54*8*1. Suppose -3*v + k = 42. What is the highest common divisor of v and d?
26
Let x be -7 + 6/15*5. Let o(h) = h**3 + 6*h**2 + 4*h + 1. Let a be o(x). Suppose -d - 140 = -a*d. What is the highest common divisor of 14 and d?
14
Let l be 3 + (-5)/(-5) - -21. Suppose -3*y + 5*d + l = d, -d + 5 = 0. What is the highest common divisor of y and 6?
3
Suppose 0 = 3*m - 3*t - 288, -153 = -2*m + 3*t + 43. Calculate the greatest common factor of m and 8.
4
Let k(d) = -d**2 - 3*d + 4. Let h be k(9). Let p = 149 + h. Calculate the highest common divisor of p and 15.
15
Suppose 5*d - 72 = -3*d. Let z = 19 - 15. Suppose -5*y + 3*g = -237, -z*g = y - 2*y + 61. Calculate the greatest common factor of d and y.
9
Suppose 302 = j + 2*w, -2*j + 144 + 455 = -w. Calculate the highest common divisor of 75 and j.
75
Let y be ((-24)/(-10))/(20/10750). Suppose y = 8*f - 3*f - i, 0 = 5*f - 2*i - 1285. Calculate the highest common factor of 37 and f.
37
Let f(g) = 2*g - 6. Suppose 13*l + 12 = 14*l. Let d be f(l). What is the highest common factor of 144 and d?
18
Let y be (-4 - -26) + 1*3. Suppose -4*c - 2*o + 18 = 0, -5*c - o - 2*o + y = 0. Suppose -2*r = c*r - 44. Calculate the highest common divisor of 11 and r.
11
Suppose -3*s - 132 = 5*p, s - 13 = 2*p + 42. Let b = p + 67. Let x = b + -22. What is the greatest common factor of x and 198?
18
Suppose f = l - 1077, -6*l + f + 5369 = -l. What is the highest common divisor of l and 37?
37
Let i(s) = 8*s**2 - 3*s + 31. Let k be i(5). Calculate the greatest common factor of 120 and k.
24
Suppose -g + 3151 = 5*o, -2*o + 561 + 702 = 3*g. Calculate the greatest common factor of 14 and o.
14
Let b = 54 - 41. Let n(i) = 2*i**2 + 4*i - 4. Let k(g) = -g**2 + 11*g - 5. Let q be k(11). Let p be n(q). Calculate the greatest common divisor of p and b.
13
Let a = 146 - 106. Calculate the highest common factor of a and 100.
20
Suppose z - 316 = 670. Suppose 0 = -5*f - 186 + z. Calculate the highest common divisor of 40 and f.
40
Suppose p + 3 = 5. Let m = 21 + -17. Suppose -3*i - 6 = 2*w, w + m = -3*i - 5. What is the greatest common divisor of p and w?
1
Let a be ((-3)/12 - 493/(-4)) + -3. What is the highest common factor of a and 30?
30
Let s be -2 + 5 - (36977/(-1236) + (-1)/12). Let a(r) = -r**2 + 7*r + 3. Let b be a(7). Let t = 14 - b. Calculate the highest common divisor of s and t.
11
Let v(m) = -m**2 - 7*m + 11. Let q be v(-9). Let s(r) = -r**2 - 17*r - 9. Let c be s(q). Let h = c + -1. Calculate the highest common factor of 20 and h.
20
Let u be (4/7)/(26/728). Calculate the greatest common divisor of u and 1.
1
Let h(y) = y**3 - 3*y**2 + 2*y - 7. Let c be h(5). Let i = c + -25. Let j(l) = 18*l**2 + 5*l. Let f be j(4). Calculate the highest common factor of f and i.
28
Suppose 0*n + 83 = 4*n - 5*s, -3*n = -s - 76. Let w(x) = 75*x - 3. Let c be w(4). What is the highest common factor of c and n?
27
Suppose 5*d - 88 = -2*u, d + 4*u = u + 28. Let g(r) = 8 - 12*r - 5*r - 2. Let p be g(-10). Calculate the greatest common divisor of p and d.
16
Suppose -4*w = -8*w + 4. Let c be 7 + (-4 + 2)/w. Suppose -2*k - 5 = -c*r, 0*r - r - 5*k + 28 = 0. What is the highest common divisor of 9 and r?
3
Let v(k) be the first derivative of 8*k**3 + 13. Let h be v(1). What is the greatest common divisor of 12 and h?
12
Let w(p) = p - 9. Let z be w(12). Suppose 0*u = 2*u, 10 = 5*n + z*u. What is the highest common factor of n and 8?
2
Let a be ((-2)/3)/(8/(-2940)). Let j = 407 - a. What is the greatest common divisor of 18 and j?
18
Let y be (-2 - -10) + (2 - 4). Suppose y*o + 173 - 743 = 0. Suppose o = -2*w + 635. What is the highest common divisor of 30 and w?
30
Suppose c = 5*t - 4*c - 90, 3*c + 39 = 2*t. Suppose 0 = -o + 25 + t. Let u be (5/(-3))/(8/(-96)). What is the greatest common factor of o and u?
20
Let d be 152/228*393/2. Calculate the highest common divisor of 655 and d.
131
Let w be (-10)/(-5) + 0 + 27. Let c = w + -25. Suppose -2 = -c*y + 2*y. What is the greatest common factor of y and 9?
1
Suppose -5*g = g - 30. Suppose -4*m + 64 = -2*m - 4*s, -g*m + 124 = -s. What is the highest common factor of 8 and m?
8
Let i(y) = y**2 - 49*y + 394. Let d be i(10). Calculate the highest common divisor of 10 and d.
2
Let b be -97 - (0 - (2 - 4)). Let z be (-4)/(-22) - 5526/b. Suppose -z + 430 = 2*c. Calculate the highest common divisor of 17 and c.
17
Let h = -585 + 588. What is the greatest common divisor of 48 and h?
3
Let l(u) = -5*u + 44. Let z be l(9). Let h be 13 - z - (0 + 1). Calculate the highest common factor of 39 and h.
13
Suppose -g = -9*p + 7*p + 108, 3*p = g + 164. What is the highest common divisor of 364 and p?
28
Let x = 3463 - 3409. Let z = 3 - -3. What is the highest common divisor of z and x?
6
Let l(n) = 59*n - 17. Let c be l(1). What is the greatest common diviso